 = -53*j - 1182. Calculate x(-21).
-69
Let r(g) = -11*g - 62. What is r(-5)?
-7
Let u(z) = -1641*z - 1681. Give u(-1).
-40
Let i(q) = -28*q**2 + 4507*q + 169. What is i(161)?
8
Let a(f) = -52*f + 99. What is a(7)?
-265
Let x(p) = 2*p**2 - 48*p - 191. Determine x(-4).
33
Let o(i) = 3*i**2 - 143*i + 1659. What is o(12)?
375
Let r(h) = h**2 - 15*h - 182. Give r(-8).
2
Let y(k) = 6*k**2 - 84*k + 7. Give y(13).
-71
Let h(s) = -13*s - 343. Calculate h(-32).
73
Let l(d) = -d**3 + 39*d**2 + 79. What is l(0)?
79
Let q(w) = -3*w**2 + 243*w + 91. What is q(82)?
-155
Let l(t) = -26*t + 277. What is l(5)?
147
Let w(v) = 20*v + 239. Give w(-5).
139
Let d(v) = 34*v + 2817. Determine d(-88).
-175
Let m(u) = -13*u**3 + 49*u**2 - 17*u + 14. What is m(3)?
53
Let v(s) = -2*s**2 + 12*s + 12. Calculate v(9).
-42
Let l(a) = -2*a**2 + 152*a + 344. Give l(79).
-130
Let q(r) = -221*r + 5444. Determine q(25).
-81
Let f(g) = -20*g**3 - 67*g**2 - 18*g + 11. Calculate f(-3).
2
Let z(a) = -5*a**2 + 49*a + 45. Calculate z(7).
143
Let m(o) = o**3 + 5*o**2 + 3*o. Calculate m(-4).
4
Let h(a) = a**3 + 154*a**2 - 317*a - 786. What is h(-156)?
-6
Let c(z) = -679*z - 16946. What is c(-25)?
29
Let x(w) = -12*w - 94. Determine x(20).
-334
Let t(w) = -3*w**3 - 28*w**2 + 5*w + 115. Give t(-9).
-11
Let m(t) = 4*t**2 - 28*t - 67. Calculate m(-6).
245
Let n(j) = -75*j + 745. Give n(10).
-5
Let a(d) = -d**3 + 14*d**2 + 4*d - 45. What is a(14)?
11
Let c(z) = 11*z**3 + 571*z**2 - 60*z - 123. Calculate c(-52).
293
Let p(s) = -42*s**2 + 4627*s - 764. What is p(110)?
6
Let w(m) = 4*m**2 - 76*m + 41. Calculate w(18).
-31
Let a(p) = -32*p**2 + 10*p - 18. What is a(4)?
-490
Let p(z) = -z**3 + 10*z**2 + 171*z - 11. Determine p(19).
-11
Let w(t) = t**3 - 12*t**2 + 14*t + 58. What is w(9)?
-59
Let b(l) = 2*l**3 - 19*l**2 - 4*l - 38. What is b(10)?
22
Let d(k) = 221*k - 5347. What is d(24)?
-43
Let q(f) = -3*f**3 + 5*f**2 + 5*f - 3. Calculate q(-3).
108
Let m(q) = 35*q - 158. Give m(4).
-18
Let m(f) = 13*f**3 - 634*f**2 + 635*f - 1. Give m(1).
13
Let l(w) = -326*w - 3. What is l(0)?
-3
Let f(j) = j**2 - 4441*j + 101609. Give f(23).
-5
Let l(f) = 59*f - 962. What is l(16)?
-18
Let y(w) = -1013*w + 132692. Calculate y(131).
-11
Let p(z) = z**2 + 17*z - 142. Give p(9).
92
Let q(o) = -o**2 - 430*o + 10428. Determine q(23).
9
Let j(a) = 1129*a + 20291. What is j(-18)?
-31
Let t(b) = -184*b - 737. Calculate t(-4).
-1
Let z(d) = 18*d - 5. Determine z(6).
103
Let p(z) = z**3 + 12*z**2 - 41*z + 9. Calculate p(-13).
373
Let z(d) = -d**3 - 15*d**2 + 11*d + 5. What is z(-4)?
-215
Let q(b) = -4*b**3 + 130*b**2 + 55*b - 3. Determine q(33).
-366
Let c(q) = q**3 - 42*q**2 + 438*q - 104. Calculate c(19).
-85
Let i(z) = 2552*z - 12707. Determine i(5).
53
Let s(y) = -1065*y + 2128. Determine s(2).
-2
Let k(d) = 3*d**2 - 91*d + 21. What is k(33)?
285
Let y(o) = 4*o**2 - 108*o + 10. Calculate y(27).
10
Let u(p) = 180*p + 2167. Give u(-12).
7
Let g(z) = -116*z + 695. Calculate g(6).
-1
Let b(y) = -1624*y - 6530. Determine b(-4).
-34
Let v(o) = -o**3 - 14*o**2 - 13*o + 2. Give v(-13).
2
Let l(u) = u**3 - 8*u**2 - 33*u + 293. Calculate l(7).
13
Let c(b) = -124*b + 1623. Determine c(14).
-113
Let w(d) = -d**2 + 29*d + 148. What is w(34)?
-22
Let l(z) = -5*z + 112. Calculate l(7).
77
Let l(h) = 11*h**2 + 310*h + 64. Give l(-28).
8
Let n(b) = 13*b - 15. Give n(-3).
-54
Let h(i) = 6*i**2 - 1725*i - 2604. What is h(289)?
-3
Let z(m) = 16*m + 195. Calculate z(-6).
99
Let m(i) = -45*i**2 + 22. Determine m(-4).
-698
Let b(z) = -379*z + 2013. Determine b(6).
-261
Let u(b) = b**2 - 92*b + 1929. Determine u(51).
-162
Let n(g) = -g**2 + 42*g + 108. Determine n(21).
549
Let y(h) = 1659*h + 299. Determine y(-1).
-1360
Let x(o) = 11*o**2 + 48*o - 103. Determine x(-6).
5
Let x(h) = -18*h**2 - 159*h - 251. Give x(-2).
-5
Let m(v) = 2*v**3 + 29*v**2 + 18*v + 44. Give m(-14).
-12
Let v(w) = 56*w - 3972. What is v(71)?
4
Let z(r) = 1125*r + 4502. Determine z(-4).
2
Let j(t) = -2*t**2 - 107*t + 6942. Give j(38).
-12
Let s(u) = -2*u**3 - 287*u**2 - 134*u + 1280. Give s(-143).
-7
Let u(g) = g**3 + 77*g**2 + 148*g - 151. What is u(-75)?
-1
Let b(s) = 2*s**3 - 57*s**2 + 26*s + 45. Determine b(28).
-11
Let l(r) = -3*r**2 + 26*r - 2. Determine l(0).
-2
Let u(l) = -l**2 - 23*l + 12. What is u(-28)?
-128
Let q(o) = -5*o**2 - 76*o + 61. Give q(-16).
-3
Let v(c) = 25165*c - 503306. Calculate v(20).
-6
Let l(i) = -579*i**3 - 7*i**2 - i + 1. What is l(-1)?
574
Let z(g) = g**3 + 41*g**2 + 3*g + 123. What is z(-41)?
0
Let n(t) = 6*t**3 + 21*t**2 - 19*t - 23. Determine n(-4).
5
Let n(j) = 106*j - 2. What is n(2)?
210
Let f(z) = -133*z + 818. Calculate f(6).
20
Let a(i) = -i**2 + 76*i - 479. Determine a(7).
4
Let g(u) = -2*u - 67. Determine g(14).
-95
Let q(i) = -i**3 + 15*i**2 - i - 38. Calculate q(7).
347
Let i(v) = -3*v**2 + 72*v - 370. What is i(15)?
35
Let l(a) = 4*a - 51. Calculate l(16).
13
Let g(t) = -t**3 + 12*t**2 + 268*t - 1048. What is g(22)?
8
Let f(z) = z**3 + 23*z**2 + 148*z + 1050. Give f(-18).
6
Let t(b) = b**3 - 3*b**2 + 21. Calculate t(-4).
-91
Let i(x) = -17*x**2 + 205*x - 2. What is i(12)?
10
Let n(p) = p**2 - 85*p + 1765. Give n(49).
1
Let i(d) = -d**2 - 14*d + 61. What is i(-27)?
-290
Let p(k) = 10*k**2 - 23*k - 7. Determine p(-5).
358
Let i(d) = -d**3 - 98*d**2 + 200*d - 2. Give i(-100).
-2
Let o(i) = 9*i - 43. Give o(12).
65
Let r(p) = -p**3 + 93*p**2 + 95*p - 106. Calculate r(94).
-12
Let v(u) = -3010*u - 117399. Calculate v(-39).
-9
Let i(f) = -10*f + 560. Calculate i(57).
-10
Let j(n) = 7*n + 114. What is j(-20)?
-26
Let h(s) = s**2 - 5*s - 16. Determine h(11).
50
Let s(b) = -3728*b + 44735. Determine s(12).
-1
Let o(c) = 124*c + 4199. Calculate o(-34).
-17
Let s(n) = -n**2 - 245*n - 2350. Give s(-10).
0
Let d(r) = -r**2 - 34*r + 615. Calculate d(-47).
4
Let d(o) = o**3 - 24*o**2 + 62*o + 14. Calculate d(21).
-7
Let z(i) = i**2 + 2*i + 1. Give z(-5).
16
Let v(t) = -6*t**2 + 45*t + 41. What is v(8)?
17
Let k(r) = -802*r + 4019. Give k(5).
9
Let y(j) = -j**2 + 10*j - 43. Determine y(13).
-82
Let b(o) = -8*o. Give b(12).
-96
Let w(k) = -k**3 + 11*k**2 + 7*k - 244. Calculate w(11).
-167
Let m(h) = -2*h**3 - 132*h**2 + 137*h + 204. Determine m(-67).
3
Let j(q) = 3*q**2 - 5*q - 11. Calculate j(-11).
407
Let i(b) = b**3 - 27*b**2 + 112*b - 17. Calculate i(22).
27
Let u(s) = s**2 - 36*s - 2010. What is u(64)?
-218
Let s(b) = b**3 - 28*b**2 + 27*b - 42. What is s(27)?
-42
Let r(b) = -b**3 - 31*b**2 - 6*b - 182. Give r(-31).
4
Let p(i) = 88*i - 1145. What is p(13)?
-1
Let t(j) = j**3 - 8*j**2 - 2*j - 29. Determine t(7).
-92
Let u(b) = 5*b**2 + 164*b + 1060. Calculate u(-24).
4
Let g(i) = i**3 - 7*i**2 + 38*i - 260. Determine g(7).
6
Let j(c) = c**3 + 16*c**2 + 26*c - 26. What is j(-12)?
238
Let r(n) = 4428*n - 13330. Calculate r(3).
-46
Let d(z) = -254*z - 48516. Determine d(-191).
-2
Let v(d) = -3*d**2 + 57*d + 191. Calculate v(-3).
-7
Let c(w) = -w**3 + 11*w**2 + 44*w + 10. What is c(14)?
38
Let h(n) = -31055*n - 124237. Determine h(-4).
-17
Let q(b) = 9*b**2 + 14*b - 4250. Calculate q(21).
13
Let l(u) = -u**3 + 106*u**2 + 329*u - 224. What is l(109)?
-6
Let g(o) = 200*o - 19399. What is g(97)?
1
Let l(s) = s**2 - 63*s - 556. What is l(-8)?
12
Let x(i) = 60*i + 1258. Calculate x(-21).
-2
Let z(g) = 112*g + 769. Give z(-9).
-239
Let o(b) = 98646*b - 591877. Determine o(6).
-1
Let g(a) = -78*a - 56. Calculate g(2).
-212
Let t(l) = 55*l**2 - 383*l - 5. Determine t(7).
9
Let i(t) = -13*t + 11. Determine i(-13).
180
Let z(h) = -3*h**3 - 17*h**2 + 34*h + 34. Give z(-7).
-8
Let u(r) = 10*r - 61. Determine u(-4).
-101
Let b(u) = -u**2 + 278*u - 6562. Give b(26).
-10
Let p(y) = -y**2 + 22*y - 103. What is p(17)?
-18
Let i(g) = -2*g**3 - 259*g**2 - 127*g + 247. Give i(-129).
-11
Let r(a) = -7*a**3 - 40*a**2 + 11*a. What is r(-6)?
6
Let d(o) = 1344*o + 24159. Calculate d(-18).
-33
Let v(z) = -2*z**3 + 44*z**2 - 173*z - 403. Determine v(8).
5
Let f(j) = -341*j**2 + 1678*j + 4. Determine f(5).
-131
Let a(m) = 2*m**2 - 5*m + 4. Determine a(-9).
211
Let t(x) = -141*x**2 + 838*x + 1048. Give t(7).
5
Let v(k) = 12*k - 52. What is v(2)?
-28
Let i(n) = -n**2 + 141*n - 1319. Calculate i(10).
-9
Let r(k) = -k**3 + 12*k**2 + 29*k - 149. Calculate r(13).
59
L